[INFO] fetching crate komple-framework-merge-module 1.1.1-beta...
[INFO] checking komple-framework-merge-module-1.1.1-beta against master#9610dfe5a9a731ced1ea4923ecbd0c57fe367898 for beta-170-4
[INFO] extracting crate komple-framework-merge-module 1.1.1-beta into /workspace/builds/worker-5-tc1/source
[INFO] validating manifest of crates.io crate komple-framework-merge-module 1.1.1-beta on toolchain 9610dfe5a9a731ced1ea4923ecbd0c57fe367898
[INFO] running `Command { std: CARGO_HOME="/workspace/cargo-home" RUSTUP_HOME="/workspace/rustup-home" "/workspace/cargo-home/bin/cargo" "+9610dfe5a9a731ced1ea4923ecbd0c57fe367898" "metadata" "--manifest-path" "Cargo.toml" "--no-deps", kill_on_drop: false }`
[INFO] removed /workspace/builds/worker-5-tc1/source/.cargo/config
[INFO] started tweaking crates.io crate komple-framework-merge-module 1.1.1-beta
[INFO] finished tweaking crates.io crate komple-framework-merge-module 1.1.1-beta
[INFO] tweaked toml for crates.io crate komple-framework-merge-module 1.1.1-beta written to /workspace/builds/worker-5-tc1/source/Cargo.toml
[INFO] crate crates.io crate komple-framework-merge-module 1.1.1-beta already has a lockfile, it will not be regenerated
[INFO] running `Command { std: CARGO_HOME="/workspace/cargo-home" RUSTUP_HOME="/workspace/rustup-home" "/workspace/cargo-home/bin/cargo" "+9610dfe5a9a731ced1ea4923ecbd0c57fe367898" "fetch" "--manifest-path" "Cargo.toml", kill_on_drop: false }`
[INFO] [stderr]     Updating crates.io index
[INFO] [stderr]  Downloading crates ...
[INFO] [stderr]   Downloaded komple-framework-utils v1.1.1-beta
[INFO] [stderr]   Downloaded komple-framework-metadata-module v1.1.1-beta
[INFO] [stderr]   Downloaded komple-framework-fee-module v1.1.1-beta
[INFO] [stderr]   Downloaded cosmwasm-storage v1.2.1
[INFO] [stderr]   Downloaded komple-framework-permission-module v1.1.1-beta
[INFO] [stderr]   Downloaded cw-multi-test v0.15.1
[INFO] [stderr]   Downloaded komple-framework-types v1.1.1-beta
[INFO] [stderr]   Downloaded syn v1.0.108
[INFO] [stderr]   Downloaded komple-framework-mint-module v1.1.1-beta
[INFO] [stderr]   Downloaded komple-framework-whitelist-module v1.1.1-beta
[INFO] [stderr]   Downloaded komple-framework-token-module v1.1.1-beta
[INFO] [stderr]   Downloaded cosmwasm-schema-derive v1.2.1
[INFO] [stderr]   Downloaded cosmwasm-schema v1.2.1
[INFO] [stderr]   Downloaded cosmwasm-crypto v1.2.1
[INFO] [stderr]   Downloaded cosmwasm-derive v1.2.1
[INFO] [stderr]   Downloaded serde-json-wasm v0.5.0
[INFO] [stderr]   Downloaded cosmwasm-std v1.2.1
[INFO] running `Command { std: "docker" "create" "-v" "/var/lib/crater-agent-workspace/builds/worker-5-tc1/target:/opt/rustwide/target:rw,Z" "-v" "/var/lib/crater-agent-workspace/builds/worker-5-tc1/source:/opt/rustwide/workdir:ro,Z" "-v" "/var/lib/crater-agent-workspace/cargo-home:/opt/rustwide/cargo-home:ro,Z" "-v" "/var/lib/crater-agent-workspace/rustup-home:/opt/rustwide/rustup-home:ro,Z" "-e" "SOURCE_DIR=/opt/rustwide/workdir" "-e" "CARGO_TARGET_DIR=/opt/rustwide/target" "-e" "CARGO_HOME=/opt/rustwide/cargo-home" "-e" "RUSTUP_HOME=/opt/rustwide/rustup-home" "-w" "/opt/rustwide/workdir" "-m" "1610612736" "--user" "0:0" "--network" "none" "ghcr.io/rust-lang/crates-build-env/linux@sha256:19e73879b68f455e41552ea35293514db52ea292d993f571636dbffedb77a1ee" "/opt/rustwide/cargo-home/bin/cargo" "+9610dfe5a9a731ced1ea4923ecbd0c57fe367898" "metadata" "--no-deps" "--format-version=1", kill_on_drop: false }`
[INFO] [stdout] e5a3bbd2a61e126cc8f278ed27fc2e92029ad0ea6fd5f74f3530f82d7a11f1bd
[INFO] running `Command { std: "docker" "start" "-a" "e5a3bbd2a61e126cc8f278ed27fc2e92029ad0ea6fd5f74f3530f82d7a11f1bd", kill_on_drop: false }`
[INFO] running `Command { std: "docker" "inspect" "e5a3bbd2a61e126cc8f278ed27fc2e92029ad0ea6fd5f74f3530f82d7a11f1bd", kill_on_drop: false }`
[INFO] running `Command { std: "docker" "rm" "-f" "e5a3bbd2a61e126cc8f278ed27fc2e92029ad0ea6fd5f74f3530f82d7a11f1bd", kill_on_drop: false }`
[INFO] [stdout] e5a3bbd2a61e126cc8f278ed27fc2e92029ad0ea6fd5f74f3530f82d7a11f1bd
[INFO] running `Command { std: "docker" "create" "-v" "/var/lib/crater-agent-workspace/builds/worker-5-tc1/target:/opt/rustwide/target:rw,Z" "-v" "/var/lib/crater-agent-workspace/builds/worker-5-tc1/source:/opt/rustwide/workdir:ro,Z" "-v" "/var/lib/crater-agent-workspace/cargo-home:/opt/rustwide/cargo-home:ro,Z" "-v" "/var/lib/crater-agent-workspace/rustup-home:/opt/rustwide/rustup-home:ro,Z" "-e" "SOURCE_DIR=/opt/rustwide/workdir" "-e" "CARGO_TARGET_DIR=/opt/rustwide/target" "-e" "CARGO_INCREMENTAL=0" "-e" "RUST_BACKTRACE=full" "-e" "RUSTFLAGS=--cap-lints=forbid" "-e" "RUSTDOCFLAGS=--cap-lints=forbid" "-e" "CARGO_HOME=/opt/rustwide/cargo-home" "-e" "RUSTUP_HOME=/opt/rustwide/rustup-home" "-w" "/opt/rustwide/workdir" "-m" "1610612736" "--user" "0:0" "--network" "none" "ghcr.io/rust-lang/crates-build-env/linux@sha256:19e73879b68f455e41552ea35293514db52ea292d993f571636dbffedb77a1ee" "/opt/rustwide/cargo-home/bin/cargo" "+9610dfe5a9a731ced1ea4923ecbd0c57fe367898" "check" "--frozen" "--all" "--all-targets" "--message-format=json", kill_on_drop: false }`
[INFO] [stdout] bd6ebc3c245b38633b9a2f6ab80cb51a90dd7127f62b361b2e323d546f9f7fa7
[INFO] running `Command { std: "docker" "start" "-a" "bd6ebc3c245b38633b9a2f6ab80cb51a90dd7127f62b361b2e323d546f9f7fa7", kill_on_drop: false }`
[INFO] [stderr]    Compiling proc-macro2 v1.0.51
[INFO] [stderr]    Compiling unicode-ident v1.0.0
[INFO] [stderr]    Compiling syn v1.0.108
[INFO] [stderr]    Compiling libc v0.2.126
[INFO] [stderr]     Checking subtle v2.4.1
[INFO] [stderr]    Compiling generic-array v0.14.5
[INFO] [stderr]     Checking zeroize v1.5.5
[INFO] [stderr]    Compiling serde_derive v1.0.152
[INFO] [stderr]     Checking const-oid v0.9.1
[INFO] [stderr]    Compiling serde v1.0.152
[INFO] [stderr]     Checking base64ct v1.5.0
[INFO] [stderr]     Checking der v0.6.1
[INFO] [stderr]    Compiling getrandom v0.1.16
[INFO] [stderr]     Checking cpufeatures v0.2.2
[INFO] [stderr]     Checking base16ct v0.1.1
[INFO] [stderr]    Compiling serde_json v1.0.81
[INFO] [stderr]     Checking byteorder v1.4.3
[INFO] [stderr]     Checking itoa v1.0.2
[INFO] [stderr]     Checking opaque-debug v0.3.0
[INFO] [stderr]    Compiling crunchy v0.2.2
[INFO] [stderr]     Checking ryu v1.0.10
[INFO] [stderr]     Checking hex v0.4.3
[INFO] [stderr]    Compiling schemars v0.8.11
[INFO] [stderr]     Checking dyn-clone v1.0.5
[INFO] [stderr]    Compiling quote v1.0.18
[INFO] [stderr]     Checking block-buffer v0.10.3
[INFO] [stderr]     Checking crypto-common v0.1.6
[INFO] [stderr]     Checking digest v0.9.0
[INFO] [stderr]     Checking block-buffer v0.9.0
[INFO] [stderr]     Checking digest v0.10.6
[INFO] [stderr]     Checking getrandom v0.2.6
[INFO] [stderr]     Checking spki v0.6.0
[INFO] [stderr]     Checking sha2 v0.9.9
[INFO] [stderr]     Checking pkcs8 v0.9.0
[INFO] [stderr]     Checking rand_core v0.6.3
[INFO] [stderr]     Checking hmac v0.12.1
[INFO] [stderr]     Checking rand_core v0.5.1
[INFO] [stderr]     Checking sha2 v0.10.6
[INFO] [stderr]     Checking static_assertions v1.1.0
[INFO] [stderr]     Checking sec1 v0.3.0
[INFO] [stderr]     Checking forward_ref v1.0.0
[INFO] [stderr]     Checking uint v0.9.3
[INFO] [stderr]    Compiling semver v1.0.16
[INFO] [stderr]     Checking curve25519-dalek v3.2.0
[INFO] [stderr]     Checking ff v0.12.1
[INFO] [stderr]     Checking crypto-bigint v0.4.9
[INFO] [stderr]     Checking signature v1.6.4
[INFO] [stderr]     Checking group v0.12.1
[INFO] [stderr]    Compiling itertools v0.10.3
[INFO] [stderr]    Compiling anyhow v1.0.57
[INFO] [stderr]     Checking bytes v1.1.0
[INFO] [stderr]     Checking elliptic-curve v0.12.3
[INFO] [stderr]     Checking rfc6979 v0.3.1
[INFO] [stderr]     Checking ecdsa v0.14.8
[INFO] [stderr]     Checking k256 v0.11.6
[INFO] [stderr]    Compiling serde_derive_internals v0.26.0
[INFO] [stderr]    Compiling thiserror-impl v1.0.31
[INFO] [stderr]    Compiling schemars_derive v0.8.11
[INFO] [stderr]    Compiling derivative v2.2.0
[INFO] [stderr]    Compiling cosmwasm-derive v1.2.1
[INFO] [stderr]    Compiling cosmwasm-schema-derive v1.2.1
[INFO] [stderr]    Compiling prost-derive v0.9.0
[INFO] [stderr]     Checking thiserror v1.0.31
[INFO] [stderr]     Checking prost v0.9.0
[INFO] [stderr]     Checking ed25519-zebra v3.0.0
[INFO] [stderr]     Checking serde-json-wasm v0.5.0
[INFO] [stderr]     Checking cosmwasm-crypto v1.2.1
[INFO] [stderr]     Checking cosmwasm-std v1.2.1
[INFO] [stderr]     Checking cosmwasm-schema v1.2.1
[INFO] [stderr]     Checking cw-storage-plus v0.15.1
[INFO] [stderr]     Checking cw-storage-plus v0.16.0
[INFO] [stderr]     Checking komple-framework-types v1.1.1-beta
[INFO] [stderr]     Checking cosmwasm-storage v1.2.1
[INFO] [stderr]     Checking cw2 v0.15.1
[INFO] [stderr]     Checking cw2 v0.16.0
[INFO] [stderr]     Checking cw-utils v0.16.0
[INFO] [stderr]     Checking cw-utils v0.15.1
[INFO] [stderr]     Checking cw20 v0.16.0
[INFO] [stderr]     Checking cw721 v0.15.0
[INFO] [stderr]     Checking cw-multi-test v0.15.1
[INFO] [stderr]     Checking cw721-base v0.15.0
[INFO] [stderr]     Checking komple-framework-utils v1.1.1-beta
[INFO] [stderr]     Checking komple-framework-whitelist-module v1.1.1-beta
[INFO] [stderr]     Checking komple-framework-metadata-module v1.1.1-beta
[INFO] [stderr]     Checking komple-framework-permission-module v1.1.1-beta
[INFO] [stderr]     Checking komple-framework-fee-module v1.1.1-beta
[INFO] [stderr]     Checking komple-framework-token-module v1.1.1-beta
[INFO] [stderr]     Checking komple-framework-mint-module v1.1.1-beta
[INFO] [stderr]     Checking komple-framework-merge-module v1.1.1-beta (/opt/rustwide/workdir)
[INFO] [stdout] error[E0433]: failed to resolve: use of undeclared crate or module `komple_framework_hub_module`
[INFO] [stdout]  --> tests/integration.rs:5:5
[INFO] [stdout]   |
[INFO] [stdout] 5 | use komple_framework_hub_module::{
[INFO] [stdout]   |     ^^^^^^^^^^^^^^^^^^^^^^^^^^^ use of undeclared crate or module `komple_framework_hub_module`
[INFO] [stdout]   |
[INFO] [stdout] help: there is a crate or module with a similar name
[INFO] [stdout]   |
[INFO] [stdout] 5 | use komple_framework_mint_module::{
[INFO] [stdout]   |     ~~~~~~~~~~~~~~~~~~~~~~~~~~~~
[INFO] [stdout] 
[INFO] [stdout] 
[INFO] [stdout] error[E0433]: failed to resolve: use of undeclared crate or module `komple_framework_metadata_module`
[INFO] [stdout]   --> tests/integration.rs:13:5
[INFO] [stdout]    |
[INFO] [stdout] 13 | use komple_framework_metadata_module::msg::InstantiateMsg as MetadataModuleInstantiateMsg;
[INFO] [stdout]    |     ^^^^^^^^^^^^^^^^^^^^^^^^^^^^^^^^ use of undeclared crate or module `komple_framework_metadata_module`
[INFO] [stdout]    |
[INFO] [stdout] help: there is a crate or module with a similar name
[INFO] [stdout]    |
[INFO] [stdout] 13 | use komple_framework_merge_module::msg::InstantiateMsg as MetadataModuleInstantiateMsg;
[INFO] [stdout]    |     ~~~~~~~~~~~~~~~~~~~~~~~~~~~~~
[INFO] [stdout] 
[INFO] [stdout] 
[INFO] [stdout] error[E0433]: failed to resolve: use of undeclared crate or module `komple_framework_ownership_permission`
[INFO] [stdout]    --> tests/integration.rs:647:13
[INFO] [stdout]     |
[INFO] [stdout] 647 |         use komple_framework_ownership_permission::msg::OwnershipMsg;
[INFO] [stdout]     |             ^^^^^^^^^^^^^^^^^^^^^^^^^^^^^^^^^^^^^ use of undeclared crate or module `komple_framework_ownership_permission`
[INFO] [stdout] 
[INFO] [stdout] 
[INFO] [stdout] error[E0433]: failed to resolve: use of undeclared crate or module `komple_framework_link_permission`
[INFO] [stdout]    --> tests/integration.rs:830:13
[INFO] [stdout]     |
[INFO] [stdout] 830 |         use komple_framework_link_permission::{
[INFO] [stdout]     |             ^^^^^^^^^^^^^^^^^^^^^^^^^^^^^^^^ use of undeclared crate or module `komple_framework_link_permission`
[INFO] [stdout] 
[INFO] [stdout] 
[INFO] [stdout] error[E0432]: unresolved import `komple_framework_hub_module`
[INFO] [stdout]    --> tests/integration.rs:376:9
[INFO] [stdout]     |
[INFO] [stdout] 376 |     use komple_framework_hub_module::ContractError;
[INFO] [stdout]     |         ^^^^^^^^^^^^^^^^^^^^^^^^^^^ use of undeclared crate or module `komple_framework_hub_module`
[INFO] [stdout]     |
[INFO] [stdout] help: there is a crate or module with a similar name
[INFO] [stdout]     |
[INFO] [stdout] 376 |     use komple_framework_mint_module::ContractError;
[INFO] [stdout]     |         ~~~~~~~~~~~~~~~~~~~~~~~~~~~~
[INFO] [stdout] 
[INFO] [stdout] 
[INFO] [stdout] error[E0432]: unresolved import `komple_framework_link_permission`
[INFO] [stdout]    --> tests/integration.rs:830:13
[INFO] [stdout]     |
[INFO] [stdout] 830 |         use komple_framework_link_permission::{
[INFO] [stdout]     |             ^^^^^^^^^^^^^^^^^^^^^^^^^^^^^^^^ use of undeclared crate or module `komple_framework_link_permission`
[INFO] [stdout] 
[INFO] [stdout] 
[INFO] [stdout] error[E0433]: failed to resolve: use of undeclared crate or module `komple_framework_hub_module`
[INFO] [stdout]   --> tests/integration.rs:39:9
[INFO] [stdout]    |
[INFO] [stdout] 39 |         komple_framework_hub_module::contract::execute,
[INFO] [stdout]    |         ^^^^^^^^^^^^^^^^^^^^^^^^^^^ use of undeclared crate or module `komple_framework_hub_module`
[INFO] [stdout]    |
[INFO] [stdout] help: there is a crate or module with a similar name
[INFO] [stdout]    |
[INFO] [stdout] 39 |         komple_framework_mint_module::contract::execute,
[INFO] [stdout]    |         ~~~~~~~~~~~~~~~~~~~~~~~~~~~~
[INFO] [stdout] 
[INFO] [stdout] 
[INFO] [stdout] error[E0433]: failed to resolve: use of undeclared crate or module `komple_framework_hub_module`
[INFO] [stdout]   --> tests/integration.rs:40:9
[INFO] [stdout]    |
[INFO] [stdout] 40 |         komple_framework_hub_module::contract::instantiate,
[INFO] [stdout]    |         ^^^^^^^^^^^^^^^^^^^^^^^^^^^ use of undeclared crate or module `komple_framework_hub_module`
[INFO] [stdout]    |
[INFO] [stdout] help: there is a crate or module with a similar name
[INFO] [stdout]    |
[INFO] [stdout] 40 |         komple_framework_mint_module::contract::instantiate,
[INFO] [stdout]    |         ~~~~~~~~~~~~~~~~~~~~~~~~~~~~
[INFO] [stdout] 
[INFO] [stdout] 
[INFO] [stdout] error[E0433]: failed to resolve: use of undeclared crate or module `komple_framework_hub_module`
[INFO] [stdout]   --> tests/integration.rs:41:9
[INFO] [stdout]    |
[INFO] [stdout] 41 |         komple_framework_hub_module::contract::query,
[INFO] [stdout]    |         ^^^^^^^^^^^^^^^^^^^^^^^^^^^ use of undeclared crate or module `komple_framework_hub_module`
[INFO] [stdout]    |
[INFO] [stdout] help: there is a crate or module with a similar name
[INFO] [stdout]    |
[INFO] [stdout] 41 |         komple_framework_mint_module::contract::query,
[INFO] [stdout]    |         ~~~~~~~~~~~~~~~~~~~~~~~~~~~~
[INFO] [stdout] 
[INFO] [stdout] 
[INFO] [stdout] error[E0433]: failed to resolve: use of undeclared crate or module `komple_framework_hub_module`
[INFO] [stdout]   --> tests/integration.rs:43:17
[INFO] [stdout]    |
[INFO] [stdout] 43 |     .with_reply(komple_framework_hub_module::contract::reply);
[INFO] [stdout]    |                 ^^^^^^^^^^^^^^^^^^^^^^^^^^^ use of undeclared crate or module `komple_framework_hub_module`
[INFO] [stdout]    |
[INFO] [stdout] help: there is a crate or module with a similar name
[INFO] [stdout]    |
[INFO] [stdout] 43 |     .with_reply(komple_framework_mint_module::contract::reply);
[INFO] [stdout]    |                 ~~~~~~~~~~~~~~~~~~~~~~~~~~~~
[INFO] [stdout] 
[INFO] [stdout] 
[INFO] [stdout] error[E0433]: failed to resolve: use of undeclared crate or module `komple_framework_metadata_module`
[INFO] [stdout]   --> tests/integration.rs:88:9
[INFO] [stdout]    |
[INFO] [stdout] 88 |         komple_framework_metadata_module::contract::execute,
[INFO] [stdout]    |         ^^^^^^^^^^^^^^^^^^^^^^^^^^^^^^^^ use of undeclared crate or module `komple_framework_metadata_module`
[INFO] [stdout]    |
[INFO] [stdout] help: there is a crate or module with a similar name
[INFO] [stdout]    |
[INFO] [stdout] 88 |         komple_framework_merge_module::contract::execute,
[INFO] [stdout]    |         ~~~~~~~~~~~~~~~~~~~~~~~~~~~~~
[INFO] [stdout] 
[INFO] [stdout] 
[INFO] [stdout] error[E0433]: failed to resolve: use of undeclared crate or module `komple_framework_metadata_module`
[INFO] [stdout]   --> tests/integration.rs:89:9
[INFO] [stdout]    |
[INFO] [stdout] 89 |         komple_framework_metadata_module::contract::instantiate,
[INFO] [stdout]    |         ^^^^^^^^^^^^^^^^^^^^^^^^^^^^^^^^ use of undeclared crate or module `komple_framework_metadata_module`
[INFO] [stdout]    |
[INFO] [stdout] help: there is a crate or module with a similar name
[INFO] [stdout]    |
[INFO] [stdout] 89 |         komple_framework_merge_module::contract::instantiate,
[INFO] [stdout]    |         ~~~~~~~~~~~~~~~~~~~~~~~~~~~~~
[INFO] [stdout] 
[INFO] [stdout] 
[INFO] [stdout] error[E0433]: failed to resolve: use of undeclared crate or module `komple_framework_metadata_module`
[INFO] [stdout]   --> tests/integration.rs:90:9
[INFO] [stdout]    |
[INFO] [stdout] 90 |         komple_framework_metadata_module::contract::query,
[INFO] [stdout]    |         ^^^^^^^^^^^^^^^^^^^^^^^^^^^^^^^^ use of undeclared crate or module `komple_framework_metadata_module`
[INFO] [stdout]    |
[INFO] [stdout] help: there is a crate or module with a similar name
[INFO] [stdout]    |
[INFO] [stdout] 90 |         komple_framework_merge_module::contract::query,
[INFO] [stdout]    |         ~~~~~~~~~~~~~~~~~~~~~~~~~~~~~
[INFO] [stdout] 
[INFO] [stdout] 
[INFO] [stdout] error[E0433]: failed to resolve: use of undeclared crate or module `komple_framework_ownership_permission`
[INFO] [stdout]   --> tests/integration.rs:97:9
[INFO] [stdout]    |
[INFO] [stdout] 97 |         komple_framework_ownership_permission::contract::execute,
[INFO] [stdout]    |         ^^^^^^^^^^^^^^^^^^^^^^^^^^^^^^^^^^^^^ use of undeclared crate or module `komple_framework_ownership_permission`
[INFO] [stdout] 
[INFO] [stdout] 
[INFO] [stdout] error[E0433]: failed to resolve: use of undeclared crate or module `komple_framework_ownership_permission`
[INFO] [stdout]   --> tests/integration.rs:98:9
[INFO] [stdout]    |
[INFO] [stdout] 98 |         komple_framework_ownership_permission::contract::instantiate,
[INFO] [stdout]    |         ^^^^^^^^^^^^^^^^^^^^^^^^^^^^^^^^^^^^^ use of undeclared crate or module `komple_framework_ownership_permission`
[INFO] [stdout] 
[INFO] [stdout] 
[INFO] [stdout] error[E0433]: failed to resolve: use of undeclared crate or module `komple_framework_ownership_permission`
[INFO] [stdout]   --> tests/integration.rs:99:9
[INFO] [stdout]    |
[INFO] [stdout] 99 |         komple_framework_ownership_permission::contract::query,
[INFO] [stdout]    |         ^^^^^^^^^^^^^^^^^^^^^^^^^^^^^^^^^^^^^ use of undeclared crate or module `komple_framework_ownership_permission`
[INFO] [stdout] 
[INFO] [stdout] 
[INFO] [stdout] error[E0433]: failed to resolve: use of undeclared crate or module `komple_framework_link_permission`
[INFO] [stdout]    --> tests/integration.rs:106:9
[INFO] [stdout]     |
[INFO] [stdout] 106 |         komple_framework_link_permission::contract::execute,
[INFO] [stdout]     |         ^^^^^^^^^^^^^^^^^^^^^^^^^^^^^^^^ use of undeclared crate or module `komple_framework_link_permission`
[INFO] [stdout] 
[INFO] [stdout] 
[INFO] [stdout] error[E0433]: failed to resolve: use of undeclared crate or module `komple_framework_link_permission`
[INFO] [stdout]    --> tests/integration.rs:107:9
[INFO] [stdout]     |
[INFO] [stdout] 107 |         komple_framework_link_permission::contract::instantiate,
[INFO] [stdout]     |         ^^^^^^^^^^^^^^^^^^^^^^^^^^^^^^^^ use of undeclared crate or module `komple_framework_link_permission`
[INFO] [stdout] 
[INFO] [stdout] 
[INFO] [stdout] error[E0433]: failed to resolve: use of undeclared crate or module `komple_framework_link_permission`
[INFO] [stdout]    --> tests/integration.rs:108:9
[INFO] [stdout]     |
[INFO] [stdout] 108 |         komple_framework_link_permission::contract::query,
[INFO] [stdout]     |         ^^^^^^^^^^^^^^^^^^^^^^^^^^^^^^^^ use of undeclared crate or module `komple_framework_link_permission`
[INFO] [stdout] 
[INFO] [stdout] 
[INFO] [stdout] error: aborting due to 19 previous errors
[INFO] [stdout] 
[INFO] [stdout] 
[INFO] [stdout] Some errors have detailed explanations: E0432, E0433.
[INFO] [stdout] 
[INFO] [stdout] For more information about an error, try `rustc --explain E0432`.
[INFO] [stdout] 
[INFO] [stderr] error: could not compile `komple-framework-merge-module` (test "integration") due to 20 previous errors
[INFO] running `Command { std: "docker" "inspect" "bd6ebc3c245b38633b9a2f6ab80cb51a90dd7127f62b361b2e323d546f9f7fa7", kill_on_drop: false }`
[INFO] running `Command { std: "docker" "rm" "-f" "bd6ebc3c245b38633b9a2f6ab80cb51a90dd7127f62b361b2e323d546f9f7fa7", kill_on_drop: false }`
[INFO] [stdout] bd6ebc3c245b38633b9a2f6ab80cb51a90dd7127f62b361b2e323d546f9f7fa7
